Is 59 a factor of (-406)/(-4)*c/10?
False
Let l(j) = j**3 - 20*j**2 + 8*j + 89. Let v be l(20). Suppose -5*w + 31 + v = 0. Does 28 divide w?
True
Suppose 14*r - 36865 = 7389. Is r a multiple of 4?
False
Let v(c) = 12*c - 41. Let a be v(5). Let f be (a + 5)/((-6)/(-4) + 0). Suppose 900 = f*n + 2*n. Is 3 a factor of n?
False
Let c = -362 + 365. Is 40/((c/(-48))/(-1)) a multiple of 46?
False
Suppose 3*i - 839 - 460 = 0. Suppose 0 = 3*j + 12, -5*r + 479 + i = -3*j. Does 9 divide r?
True
Let n(y) = -32*y**3 + 2*y**2 + 7*y + 5. Let q be n(-2). Suppose -7*h = 8*h - 6960. Let g = h - q. Is 11 a factor of g?
True
Suppose -381*w + 27775 = -356*w. Is w a multiple of 7?
False
Let h(x) = 4*x - 1. Suppose 4 - 1 = 4*r + a, -4*r + a = 3. Suppose r = 4*d + d - 2*f - 14, 4*d = 3*f + 7. Is h(d) a multiple of 13?
False
Let g be 0 - (-942)/9 - (-6)/(-9). Suppose 196 = g*b - 97*b. Is b even?
True
Let y be (-57)/(-38) + 3/(-2)*-1. Suppose -y*l - 2193 = -20*l. Does 43 divide l?
True
Let k = 639 - 340. Is 2 a factor of k?
False
Suppose 21*n + 2379000 = 103*n + 43*n. Is n a multiple of 78?
True
Let m(t) = -7. Let x(o) = o + 15. Let f(q) = -7*m(q) - 3*x(q). Let a be f(8). Is 2 a factor of (-38)/(-5) + (-8)/a?
True
Let m be (3/(-4))/((-8)/32). Suppose -v = b - 2, 2*b + 2*v = -m*b + 10. Is 21 a factor of (41 - b) + 0 - (7 - 10)?
True
Suppose 0 = -2*t + 3*t + 227. Let x(r) = -3*r**2 + 4*r + 13. Let n be x(7). Let b = n - t. Does 28 divide b?
False
Suppose -248 = -2*n + 60. Suppose 6*j + j = n. Let q(p) = p**2 - 23*p + 37. Is 2 a factor of q(j)?
False
Suppose 2*z + 2*j - 1169 - 555 = 0, 3460 = 4*z + 2*j. Does 4 divide z?
True
Suppose 420368 = 77*h - 28619. Is 4 a factor of h?
False
Suppose -44 + 161 = 9*y. Suppose 0 = -3*x + 7 - y. Is 16/(-2)*1/x a multiple of 3?
False
Let x(c) = 83*c**3 - 3 - 21*c - 15*c + 36*c. Let m be x(2). Suppose 0 = -2*l + 4*r + 320, 0*r = 4*l - r - m. Does 18 divide l?
False
Suppose 4*r + 86 = 5*n, -14 - 6 = 5*r. Suppose -i + n = -8*i. Is 3 a factor of 8 + 18/(-6) + i?
True
Suppose 4*p + 5*m = -517, 0 = -5*p + 3*m + m - 595. Let a = -2 - p. Let h = a + -19. Is 34 a factor of h?
True
Suppose -5*x - b = -256, -7*x + 2*b = -9*x + 96. Is 16 a factor of (-10)/(-65) + 25316/x?
False
Is (16 + -2)/((-18)/(-27378)) a multiple of 78?
True
Suppose -6*d - 19 = -1. Suppose 10*v + 3*v - 702 = 0. Is ((-59)/d)/(9/v) a multiple of 10?
False
Suppose 4*m - 9484 = -2*i, 5*i - 6*m - 23723 = -3*m. Is 5 a factor of i?
False
Suppose -z + 603 = 2*l - 199, 5*l = -4*z + 3202. Is z a multiple of 2?
True
Let y be 0 - ((-3 + 3)/(-4) - -1). Let l be ((-4)/16 + y)/((-2)/(-24)). Is 3*1/(-5)*l a multiple of 3?
True
Let h(b) = 128*b + 1. Let k be 2/(-3)*54/(-12). Suppose 5*g = -k*l + 28, 4*l + 0*l - 9 = -g. Does 13 divide h(l)?
False
Suppose 0 = -4*q + 2*p + 104102, 5*q - p + 39107 = 169242. Is q a multiple of 241?
True
Let z = -4716 + 8172. Suppose 10*g - g = z. Is g a multiple of 16?
True
Let r be -1*0/(3 + -1)*-1. Suppose 3*v = 9, r = 2*x + 4*v - 469 - 485. Is x a multiple of 60?
False
Does 25 divide (11784/(-28))/((-6)/63)?
False
Let r = 517 - 492. Does 26 divide (-180)/(-9)*r + -4?
False
Is (-1 - 70/(-30))/(14/31983) a multiple of 16?
False
Let x(j) = 2*j**2 + 87*j - 39. Let d be x(-33). Let g = 273 - d. Is 41 a factor of g?
False
Let d = 32 + -16. Suppose 0 = 13*p - 17*p + d. Let m(j) = j**3 + j**2 + 7*j - 6. Is m(p) a multiple of 17?
True
Suppose 16 = -5*i - 59. Let d be (-3066)/i - ((-26)/10 + 3). Suppose 0 = 4*l + 4*s - 21 - 163, 4*l - s - d = 0. Does 25 divide l?
True
Suppose -2*n - 6 = 0, -4*b - n + 4*n = -5. Let r(q) = -89*q - 2. Let s(v) = 134*v + 3. Let j(t) = 8*r(t) + 5*s(t). Does 12 divide j(b)?
False
Let v be (-14622)/(-9) - (-7)/21. Suppose -2*z + 7*p - 2*p = -v, -807 = -z - 3*p. Is 54 a factor of z?
True
Let k = 313 + -592. Is 7 a factor of 7998/k*(1 - 22)?
True
Let c(i) = 2*i**2 - 12*i - 171. Is 6 a factor of c(13)?
False
Let q(x) = -x**3 + 10*x**2 - 2*x + 45. Suppose -4*l = 0, -3*v - l = 3*l - 30. Is 25 a factor of q(v)?
True
Suppose 0 = -22*c + 52*c - 1534440. Is 38 a factor of c?
True
Suppose 32*a + 87*a - 3012520 = -26*a. Is 98 a factor of a?
True
Let m(o) = -o**3 + 48*o**2 + 162*o + 68. Does 24 divide m(50)?
True
Suppose 23*a - 35 = 16*a. Suppose -a*l = 5*l - 1240. Suppose x - 2*h = 116, -2*h = -x - 4*h + l. Is 17 a factor of x?
False
Does 67 divide ((-2352)/980)/(2/(-9070))?
False
Let g = -10027 - -15947. Does 20 divide g?
True
Suppose -3*q - 3*x = -201 - 552, 4*x = 4*q - 1028. Suppose q = 2*h - 116. Suppose 2*f - h = -t, 3*t = 2*f - 177 - 4. Is 17 a factor of f?
False
Let n be 614 + 7 + (0 - 8). Let t = n - 589. Is 2 a factor of t?
True
Suppose 36*f + 1121 - 13475 = 35*f. Is 213 a factor of f?
True
Let z(s) = -44*s + 5174. Is 11 a factor of z(67)?
False
Suppose -26*r - 6 = -29*r. Suppose 321 = r*j + 113. Is j a multiple of 4?
True
Suppose 7*v = 5*v + 6. Suppose -2*p + 40 = 4*x, 3*p - 8*p = -v*x + 30. Let f(k) = k**3 - 9*k**2 - 6*k + 15. Is f(x) a multiple of 3?
False
Let t be (-2 + -148)*4/10*-14. Suppose 21*y = 1218 + t. Is y a multiple of 14?
True
Let j(k) = -k**2 + 16*k - 63. Let d be j(9). Suppose 5*p - 3639 = -3*v, 5*v + 7*p - 5*p - 6084 = d. Is v a multiple of 61?
False
Suppose 2*r - 107815 + 15925 = -3*f, -2*r + 91906 = -5*f. Is r a multiple of 21?
True
Suppose -3*w = v - 14, 3*v - 8*v = 2*w - 44. Is 73/(7 - 52/v) a multiple of 73?
True
Suppose -66950 = -45*i + 20*i. Is i a multiple of 26?
True
Let k(q) = 40*q + 38. Let r be ((-24)/20)/((-6)/15). Let y be k(r). Let v = y - 83. Is v a multiple of 5?
True
Suppose 5*w - d = 12, 4*w - 5*d + 2*d = 14. Let o(u) = 49*u**3 - u**2 - 4*u + 8. Does 43 divide o(w)?
False
Let k(s) = s**3 - 9*s**2 + 17*s - 12. Let f be k(9). Let v = -80 + f. Is 22 a factor of v?
False
Let f = 147 - 142. Suppose -262 + 826 = f*d - 4*v, 5*d + v = 559. Does 7 divide d?
True
Is 133 a factor of -25 + 25 - (-3 + -3189)?
True
Let o be (-740)/15*(-10 - (-4)/4). Suppose 0 = 74*q - 70*q + o. Let w = q + 189. Does 25 divide w?
False
Let i = -16 - 17. Let q = i + 35. Suppose -6*z = -q*z + o - 598, -4*z + 610 = -5*o. Does 15 divide z?
True
Let k = 14004 - -20016. Is 60 a factor of k?
True
Suppose 5*y - 8585 = -3*s, 65*y - s = 66*y - 1715. Does 9 divide y?
False
Let s = 5 - 2. Let b(q) = -4*q**3 - 18*q**2 + 16*q + 33. Let a be b(-5). Suppose -s*o - 2*w = -a*w - 30, -3*w = 0. Is o a multiple of 4?
False
Suppose 6*y + 7970 = 10*y - 3*k, 0 = -3*y - 3*k + 5946. Is 45 a factor of y?
False
Suppose -q = -3*u + 9551, 26*q = 4*u + 24*q - 12734. Is 8 a factor of u?
True
Let x(u) = 851*u + 3624. Is x(44) a multiple of 19?
False
Let r = 104 + -96. Suppose r*z - 25 = 13*z, 2*z = 3*f - 1207. Is f a multiple of 21?
True
Suppose 0 = -16*b - 80. Is (-324)/5*b*14/6 a multiple of 54?
True
Let y = -5265 + 6410. Is 54 a factor of y?
False
Suppose 5*h - 10*h + 18100 = 5*j, 2*h - 18121 = -5*j. Does 93 divide j?
True
Let m = -493 - -844. Let j = -302 + m. Is 2 a factor of j?
False
Let r = -744 + 1200. Let o = r - 441. Does 3 divide o?
True
Suppose -5*c = 232 + 323. Let y = 239 - c. Suppose 25*m = 23*m + y. Is m a multiple of 27?
False
Let v(g) = 5*g + 973. Is 7 a factor of v(-14)?
True
Let j(m) = -m**3 - 3*m**2 + 8*m + 2. Let t(x) = -82*x + 2. Let o be t(1). Let b be o/14 + (-48)/21 + 2. Is 9 a factor of j(b)?
False
Let k be 114/18 + 3/(-9). Suppose p = 19 + k. Does 25 divide p?
True
Suppose 4*r - 240 = 16*r. Does 35 divide (800/r)/(1/(-28))?
True
Suppose 17 = -5*o + 257. Let v = o + 67. Is v a multiple of 47?
False
Let c be 3235 + (-4)/(-1) + (0 - -3). Suppose -4*x + 11*f + 3263 = 16*f, -4*x + 2*f = -c. Is 28 a factor of x?
True
Suppose 4*k - 19 - 9 = -4*h, 2*k + 3*h = 18. Suppose 5*m + 1458 = k*p, -23*p = -26*p + 2*m + 1458. Is p a multiple of 46?
False
Let g = 531 - 1176. Let c = g - -788. Is c a multiple of 11?
True
Let m(j) = 3*j - 47. Let t be m(-3). Does 13 divide ((-1140)/266)/(6/t + 0)?
False
Let b(m) be the second derivative of -5*m**3/6 + 37*m**2 + m + 8. Is b(8) a multiple of 17?
True
Suppose 2*i + 4 = -64. Let n = 64 + i. Suppose -5*v + n = -395. Is 17 a factor of v?
True
Suppose -551 = -10*c - 1471. Is -1 + 4 - c*1 a multiple of 13?
False
Let p = 92 - 95. Is (55/1)/(p - (-176)/56) a multiple of 55?
True
Let s(b) be the second derivative of b**4/4 + 